+ -3)*226/2. Suppose 3*q - 3*g = q + 43, 4*q - x = -3*g. What is the tens digit of q?
2
Suppose 5 + 20 = 5*x. Suppose 2*s - 139 = x*h, 2*h - 98 - 158 = -3*s. What is the units digit of s?
2
Suppose -3*k + 878 - 50 = 0. Suppose 18*h = 21*h - k. What is the units digit of h?
2
Suppose 5*m + v - 20697 = 0, -3*v - 5696 = -2*m + 2576. What is the tens digit of m?
3
Suppose -4*c - 23 = -3*q, -7*c + 17 = -8*c + 3*q. Let o(b) = -18*b**3 - b**2 + 1. Let z be o(-1). Let x = c + z. What is the units digit of x?
6
Suppose 29 = -2*m - 97. Suppose 5*y = -4*w - 49, w + 24 + 22 = -5*y. Let x = y - m. What is the tens digit of x?
5
Suppose -g = -5*i - 9, -11 = -2*g + i + 2*i. Suppose 2*p + 0*p + 5*h + 2 = 0, -65 = -5*p + 5*h. Let k = g + p. What is the units digit of k?
3
Suppose 9*n = -43*n + 8892. What is the tens digit of n?
7
Suppose -3*f - 5*a = 531, a + 121 + 56 = -f. Let b = f - -255. Let u = -46 + b. What is the tens digit of u?
3
Let a = -1300 + 2095. What is the hundreds digit of a?
7
Let i(z) = z**2 + 8*z - 22. Let q be i(-10). What is the hundreds digit of (0 + 274)/(4 + q)?
1
Let s(y) = 3*y**2 - 94*y - 61. What is the units digit of s(32)?
3
Let r(k) = -k - 5. Let v be r(-4). Let s be (v - -25)*(-2)/(-4). Let u = s + -10. What is the units digit of u?
2
Suppose -19*f + 3865 = -17073. What is the tens digit of f?
0
What is the units digit of 5979*(72/48 + 10/(-12))?
6
Suppose 16*t + 14*t = 2880. What is the units digit of t?
6
Suppose -c = -n + 332, -3*n - 5*c + 423 = -605. What is the tens digit of n?
3
Let h be (4/5)/(12/3390). Let d = h + -106. What is the hundreds digit of d?
1
Suppose 4*y - 5 = 5*b + 6, b + 4 = -y. What is the units digit of ((-13)/(-2) + b)*16?
6
Let s(k) = 31*k + 15. Let d be s(4). Let p = 195 - d. What is the units digit of p?
6
Let x = -5 - -4. Let u(l) = -4*l - 1. Let n be u(x). Let a = n + 0. What is the units digit of a?
3
Let p(u) = -29*u - 58. What is the units digit of p(-19)?
3
Let f = -26 + -7. Let l = 21 + 53. Let p = l + f. What is the units digit of p?
1
Suppose -16*w + 10005 = -11*w. What is the units digit of w?
1
Let r(n) be the third derivative of 0*n + 0 - 2/3*n**4 + 7*n**2 + 0*n**3. What is the tens digit of r(-5)?
8
Let w = -42 - -45. Let n(f) = -f**3 + 5*f**2 - f + 4. Let a be n(5). What is the units digit of 2/a + 1 + w?
2
Suppose 6559 + 9951 = 26*s. What is the tens digit of s?
3
Suppose 307 = 3*c + 127. Suppose 5*t - 20 = 0, m - 5*t - c = 6*m. What is the units digit of m/(-3)*21/4?
8
Let d(p) be the second derivative of -p**4/12 + 7*p**3/6 + 5*p**2/2 + 7*p - 5. Let r = 4 + 3. What is the units digit of d(r)?
5
Suppose 4*j + 9 = -4*f + 21, -16 = 4*j. Suppose -1066 = -f*w + 292. What is the tens digit of w?
9
Let i(z) = -z**3 - 8*z**2 + 7*z - 1. Let x(g) = -g**3 + 7*g**2 + 7*g - 9. Let v be x(7). Suppose 4*r - j = 3*j - v, 1 = j. What is the units digit of i(r)?
7
Let q = 25 + -22. What is the tens digit of (-183 - 0)/(-1*q)?
6
Let r(u) = -266*u + 6. Let d be r(-1). Let l = d + -174. What is the units digit of l?
8
Let c = 5990 - 8498. What is the tens digit of c/(-38) + 2/(-1)*-2?
7
Let l(o) be the first derivative of 13*o**5/30 + o**4/8 - o**3/3 - 5*o**2/2 + 10. Let r(b) be the second derivative of l(b). What is the units digit of r(1)?
7
Let h(v) = -3*v**3 - 84*v + 10 + 83*v + 2*v**3 + 4*v**3. What is the units digit of h(3)?
8
Let q be 46/529 + (-44)/(-23). Let i(o) = -16*o**2 - o + 7. Let y(b) = 8*b**2 + b - 3. Let f(r) = 2*i(r) + 5*y(r). What is the tens digit of f(q)?
3
Suppose -6*u + 17 = -1, -6003 = -3*g - 5*u. What is the thousands digit of g?
1
Let f = -440 + 494. Suppose 0 = -3*w - 0*w. Suppose 4*d = 2*d - 2*u + f, w = 5*u. What is the units digit of d?
7
Suppose -u - 2*x - 2*x = -273, -5*u = -x - 1260. Suppose u = 3*i - m, 135 = 4*i + 2*m - 219. What is the tens digit of i?
8
Let t(w) = w**2 + 8*w - 5. Let f be t(-7). Let r be 3/1 + f/6. Let j = 40 - r. What is the units digit of j?
9
Suppose -79 = 3*a + 3*h - 4*h, 5*h + 5 = -a. Let l = a + 4. What is the units digit of 4/28 + (-522)/l?
5
Let j(h) = 52*h**2 - h + 2. Let z be j(-2). Let r = z - 97. Suppose -r = -5*u + 5*f, 0 = 3*u - f - 56 - 17. What is the tens digit of u?
2
Suppose 2 = -w - 1, -y + 1346 = 4*w. What is the hundreds digit of y?
3
Suppose 7*g + 255 = 4133. What is the tens digit of g?
5
Suppose 102 = q + 34. Suppose -q*c + 67*c = -68. What is the tens digit of c?
6
Suppose -v + 402 = -2*d, 5*d - 3*d = -3*v + 1230. What is the tens digit of v?
0
Let p be (58*(-8)/16)/(2/(-32)). Let d = 793 - p. What is the hundreds digit of d?
3
Suppose -13*r + 108 = -4*r. Suppose -3*t - r = 0, g = -0*g - 4*t + 11. What is the tens digit of g?
2
Let v(y) = -8*y + 17. Let b be (-9 - -7)*(0 + 4). Let u be v(b). Let n = u - 46. What is the units digit of n?
5
Let c(k) = -k**2 + 29*k - 26. What is the hundreds digit of c(20)?
1
Let m(q) = 66*q - 260. What is the tens digit of m(23)?
5
Let d(p) = 218*p**2 + 100*p + 305. What is the tens digit of d(-3)?
6
Let q(z) = -4 + 23 - 4*z + 15. What is the tens digit of q(-16)?
9
Let f = -791 + 1578. What is the units digit of f?
7
Suppose -141*k + 97*k + 68068 = 0. What is the hundreds digit of k?
5
Suppose 0 = 2*l + 4*x - 242 - 222, -5*x = 5*l - 1145. Suppose 6*i - l = -4*v + i, v = -3*i + 60. What is the tens digit of v?
5
Let a = 5 + 6. Suppose 2*l = 4*f + 160, -a*l + 2*f = -9*l - 158. What is the units digit of l?
8
Suppose 0 = 2*x - 0*x + b - 533, 0 = -3*x - 2*b + 798. Suppose 12 = 5*d - x. What is the units digit of d?
6
Let c(y) = -3*y**3 + 7*y**2 - 9*y + 1. Let d(t) = 4*t**3 - 7*t**2 + 9*t - 2. Let s(o) = 5*c(o) + 4*d(o). Suppose -f - 1 = 7. What is the units digit of s(f)?
5
Let z = 604 - -1578. What is the hundreds digit of z?
1
Suppose -2*w = -6*w + 4. Let s = w + 2. Suppose 0*x - s*p = x - 8, 0 = -5*x - 5*p + 60. What is the tens digit of x?
1
Let j(o) = 18*o**3 + 5*o**2 - 23*o + 54. What is the units digit of j(5)?
4
Let m = 318 - 39. What is the tens digit of m?
7
Let i = 184 + 60. What is the units digit of i?
4
Let v = 1101 - 712. What is the tens digit of v?
8
Suppose 2*y = 5*b - 2411 + 798, -3*y = -4*b + 1296. Suppose -b = -3*q - 3*t, 4*q + 2*t + 16 = 434. What is the hundreds digit of q?
1
Let m be (1 + -1)*1/(-2). Let a(h) = 13*h**2 + 2*h - 3. Let v be a(1). Suppose y - 4*y + 3*u + 48 = m, y = -u + v. What is the units digit of y?
4
Let r(d) = 5*d. Let i be r(5). Let u = i - -4. Suppose -4*k + u = t + 8, 0 = -3*t + 2*k + 77. What is the units digit of t?
5
Suppose 4*k - 4203 - 5893 = 0. What is the tens digit of k?
2
Let q = 101 + 72. Let f = q - 124. What is the units digit of f?
9
Suppose -13*y - 39*y = -14664. What is the tens digit of y?
8
Let b(m) = 6*m**2 + m - 16. Let u(k) = -7*k**2 + 17. Let o(a) = 6*b(a) + 5*u(a). Let s be o(-9). Let x = -1 + s. What is the units digit of x?
5
Let l = -44 - 6. What is the tens digit of 3 - 3/(6/l)?
2
Let b(f) = f**2 - 3*f + 2. Let j be b(3). Suppose -2*x + 3*v = 2*x + 108, -5*x = -j*v + 142. What is the tens digit of (x/(-12))/(2/20)?
2
Let t = 13 - 18. Let o(z) = -z**3 - 2*z**2 + 4*z + 6. Let h be o(t). What is the units digit of h/3 - 4/12?
0
Let z = 1586 - 1355. What is the tens digit of z?
3
Suppose -2*p + 5*p = -2*f + 136, -2*f = 2*p - 136. Suppose 7*s = 429 + f. What is the tens digit of s?
7
Let n be (7/14)/((-1)/(-36)). Suppose 0 = -c + i + 13, 6*c + 5*i = 2*c + 7. Let w = n - c. What is the units digit of w?
0
Suppose 4*n = -0*n + 8. Suppose -2*a + 2*t - 5 + 25 = 0, n*a + 4*t - 44 = 0. What is the tens digit of (-1 - 3) + a*3?
3
Let b be 260/70 - 2/(-7). Suppose 0 = b*f + f - 45. Let s = -6 + f. What is the units digit of s?
3
Let j = 428 - 302. Let n = j - -110. What is the hundreds digit of n?
2
Let o(k) = 20*k + 1. Let x = -24 - -25. What is the tens digit of o(x)?
2
Let m = 8 + -5. Suppose 4 = m*s + 1. Let q(g) = 4*g**3 + 2*g - 1. What is the units digit of q(s)?
5
Let g be (-182)/1 + 15/20*4. Let f = 285 + g. What is the units digit of f?
6
Suppose -15*t = -3846 - 9369. What is the units digit of t?
1
Let o = -140 + 235. Let g = o - 159. Let y = g - -120. What is the units digit of y?
6
Let o = 59 - 55. Suppose -o*v + 99 = -3*v. What is the tens digit of v?
9
Suppose 2164 = 4*u + 3*x - 3711, -x = -1. What is the units digit o